et s(f) = -f + 3. Let m = -30 - -59. Suppose u - 5*v + 19 = 4*u, 3*u = 5*v + m. What is s(u)?
-5
Let r be (2*9/12)/((-4)/(-1032)). Let u = r - 395. Let i(g) = -2*g - 10. Calculate i(u).
6
Let l = -11 + 0. Let b = l - -7. Let v(z) = 4*z**3 - z**2. Let w(i) = -13*i**3 - i**2 - 2*i - 5. Let u(j) = -3*v(j) - w(j). Give u(b).
-3
Let h(x) = -18*x + 140. Let y(c) = 9*c - 61. Let i(w) = 3*h(w) + 5*y(w). Give i(13).
-2
Let c(l) = 163*l - 37*l - 65 - 24*l - 45*l - 35*l. Calculate c(3).
1
Suppose -7*w = -12*w + 2*o + 11, 0 = -2*w + 2*o + 2. Let j(u) = 25 - u**3 + 2*u**2 - w*u**2 - 13. Determine j(0).
12
Suppose 5*p + 4*h - 121 = 167, -5*p + 2*h = -276. Suppose 2*q + 54 - p = 0. Let m(u) = -4*u + 4*u - u**2 + 3*u - q. What is m(3)?
-1
Let q(x) = 2*x + 2. Let u(h) = -9*h - 3. Let d(g) = -4*q(g) - u(g). Calculate d(-5).
-10
Let n = -11899 - -11880. Let h(p) = p**3 + 20*p**2 + 28*p + 171. Give h(n).
0
Let z be 5/(-12)*(-72)/45*-9. Let w(j) = -j**3 - 5*j**2 + 6*j + 5. Let a(s) = -s + 1. Let x(y) = -a(y) - w(y). Calculate x(z).
-12
Let g(y) be the second derivative of -2*y**2 + 0 + 9*y - 1/20*y**5 - 1/2*y**4 + y**3. Let s = -235 + 228. What is g(s)?
3
Let t(s) = 21*s - 105. Let o be (-5720)/(-1155) + (-4)/(-84). Give t(o).
0
Let b be (10/(-25))/(2 + (-62)/30). Let d(o) = 3*o - 2*o - b*o - 4 + 2*o. Calculate d(-4).
8
Let u(b) = -12*b - 1. Suppose -3*s - 3 = 87. Let i be (s/(-25) + 0)/(6/20). Suppose 5*a = a - i. What is u(a)?
11
Suppose 22*n - 23*n - 114 = 0. Let p be 4/10 - n/15. Let o(f) = -2*f**2 + 16*f - 7. Calculate o(p).
-7
Let t(f) = -f + 5. Let k be t(4). Let n = k + 0. Let j(g) = 17*g. Let h(y) = -154*y. Let w(x) = -3*h(x) - 28*j(x). What is w(n)?
-14
Let h(t) = -t**2 - 15*t - 13. Let f(c) = c**2 + 14*c + 8. Let w(j) = 3*f(j) + 2*h(j). Calculate w(-12).
-2
Let q be (67/268)/(1/(-52)). Let m(h) = -h**3 - 10*h**2 + 40*h + 19. Determine m(q).
6
Let n be 4*5/(-10)*-14. Let b = -26 + n. Let i(x) = 0*x**2 - 1 - 4*x**b - 5*x + 3*x**2 + 2*x**2. What is i(4)?
-5
Let y(r) = -126 - 181 + 58*r - 101 - 51 + 3. What is y(8)?
8
Suppose -4*i + 3*w + 17 = 0, -8*i - 2*w = -12*i + 14. Let q(c) be the second derivative of 0 - 20*c + 1/6*c**3 + 1/12*c**4 - 17/2*c**i. Determine q(0).
-17
Suppose 9*z - 5*z = 48. Suppose -10*r + 10 = -z*r. Let f(l) = -l + 1. Let b(m) = -6*m + 1. Let v(o) = b(o) - 4*f(o). What is v(r)?
7
Let h(k) = 4*k + 45. Suppose 114*u + 796 = -1070 - 870. Give h(u).
-51
Let p(v) = v**3 + 54*v**2 + 472*v - 21. Let g be p(-43). Let z(q) = -4*q + 83. What is z(g)?
-5
Let w(z) = -3*z**2 - 129*z - 45. Let o(y) = y**2 + 38*y + 15. Let i(b) = -10*o(b) - 3*w(b). Determine i(5).
-5
Let t(l) = -3*l**3 - 3*l**2 + l + 1. Suppose -k - 2*j = -4*k + 7, -3*k - 3*j - 3 = 0. Determine t(k).
-4
Let a be ((-5)/(-2))/(2/(-4)). Let p be 3/18*3*(15 + -3). Let x(r) = -7*r - 11. Let y(o) = -o - 1. Let h(w) = p*y(w) - x(w). What is h(a)?
0
Let c(d) = d**3 - 15*d**2 + 6*d - 95. Suppose -117 = -40*u - 54 + 537. Calculate c(u).
-5
Let u be 3/(0 + (-2)/(-16)). Let i be 1/(-3) + 32/u. Let p be 1*((i - 0) + -4). Let c(j) = j**2 + j. What is c(p)?
6
Let j(a) = a**2 + 2*a - 8. Let b be (5 + -4)*-1 - -4. Suppose 0 = b*s + 9, -4*s + 12 = -4*g - 0*s. Determine j(g).
16
Let m(r) = 9*r - 7. Let d be m(-7). Let a be (3/(-5))/(14/d). Suppose -21 + 8 = b - 2*l, a*l + 5 = -2*b. Let s(z) = -z**3 - 6*z**2 + 5*z - 10. Determine s(b).
4
Let s(i) = -8*i - 121 + 4*i + 38 + 43 + 5*i + 36. Let n be (4/(-5))/((-2)/10). What is s(n)?
0
Let y be -24 - (2 - (-4 + 4)). Let v be (-28 - y)*(-2 + -1). Let b(i) = i**2 - 3*i + 9. Give b(v).
27
Let h(n) = -n. Suppose 5*t + 71*r + 102 = 70*r, 0 = -4*r - 8. Determine h(t).
20
Let i(c) = -c**2 + 18. Let v(y) = 32*y + 636. Let z be v(-20). Determine i(z).
2
Suppose 5*f + 15 = -10. Let z(l) = l**2 + 1 - 13*l + 28*l - 14*l. Let x(m) = 6*m**2 + 14*m + 13. Let g(w) = f*z(w) + x(w). Determine g(-7).
-6
Let k be 38*(-2)/(-10) - 63/105. Suppose 4*c - p = -5 - k, -c - 3 = -p. Let r(b) be the second derivative of b**4/12 + 5*b**3/6 + b**2 - 47*b. Calculate r(c).
-4
Let h(x) = -1083*x**2 + 8*x - 1543*x**2 + 2627*x**2. Suppose 12 = -0*z - 3*z. Calculate h(z).
-16
Let d(v) be the first derivative of -v**3 - 9*v**2 + 4*v - 1972. Give d(-6).
4
Let f(k) = -k + 1. Let n(d) = -d. Let w(g) = 4*f(g) - n(g). Let y = 11379 - 11382. What is w(y)?
13
Let a(i) = 52*i - 574. Let g be a(11). Let u be (g - (9 - 6))*(-1 + 2). Let x(q) = 4 + 2*q - 5*q**2 - 3*q**3 + 2*q**3 + 0*q. Determine x(u).
-6
Let l(b) be the first derivative of b**4/4 - 3*b**3 - 7*b**2 + 15*b + 2345. Calculate l(9).
-111
Let c(y) = 4*y**3 - 6*y + 4. Let m = 4450 + -4448. Calculate c(m).
24
Let d = -353 - -371. Suppose 19*s + d*s - 28*s = 0. Let r(u) = -u**3 + 2*u**2. Determine r(s).
0
Let w(i) = -8*i - 2. Let n(k) = 15*k + 48. Let c(g) = g**3 - 4*g**2 + g + 3. Let v be c(2). Let h be n(v). Give w(h).
-26
Let b(g) = g**3 + 0*g**3 + 29*g**2 + 33*g**2 + 6*g - 9 - g - 67*g**2. What is b(4)?
-5
Let h(y) = -3*y**3 + 16*y**2 + 12*y - 1. Let g(d) = -2*d**3 + 8*d**2 + 6*d. Let b(m) = 5*g(m) - 3*h(m). Suppose -6*s + 62 = -4*s. Let q = s + -38. Give b(q).
-4
Let m(s) = s**3 + 3*s**2 - s + 2. Let a(q) = 4*q + 22. Let t be a(-6). Let v(u) = -3*u**3 - 5*u**2 + 3*u - 3. Let j(g) = t*v(g) - 5*m(g). Determine j(6).
26
Let o be 1 + (0 - 6/(-2)). Suppose 3*u + 2*c = -u + 6, -o*u - 5*c - 3 = 0. Let w(a) = 2*a**2 + 2*a**2 + u*a - 2*a**2 - a**2. Determine w(-4).
4
Let w be (-4354)/8 - (-29)/116. Let z = w + 534. Let s(y) = -y**3 - 10*y**2 + 7. Calculate s(z).
7
Let d(i) = 77*i - 2. Let f be d(1). Let q(x) = f*x + 78*x + 10 - 152*x. Give q(-6).
4
Let d(b) = b**3 + 15*b**2 - 35*b - 6. Let c(a) = -a**2 - 1398*a - 9754. Let g be c(-7). What is d(g)?
11
Let l be (-2 - 4)/(-2 + -10 - -13). Let h(m) = -7*m - 7. Let t(w) = 0*w + 3*w + 2 - w. Let z(j) = l*h(j) - 22*t(j). Determine z(-3).
4
Let t = 123 - 97. Let o(v) = 9 + t*v - 49*v + v**3 + 22*v. What is o(0)?
9
Let s(l) = -11 - 6*l**2 - l**3 - 14*l - 18*l - 11*l**2 + 4*l**2. Let m be s(-10). Let d(b) = b**3 - 9*b**2 - b + 5. Calculate d(m).
-4
Let q = 387 - 191. Let k = -204 + q. Let b(i) = i**2 + 10*i + 5. What is b(k)?
-11
Let m(y) = 257*y**2 + 9*y + 4. Let h(d) = 58*d**2 + 2*d + 1. Let f(q) = -9*h(q) + 2*m(q). Let o = 4 + -3. Calculate f(o).
-9
Suppose -15*c + 20*c + 15 = -w, -5*w = 0. Let l(b) = -b**2 - 3*b - 7. Calculate l(c).
-7
Let u be (-3)/((-189)/(-28) - 6). Let d be 3/(-2)*1*u/3. Let b(x) = x**3 - 3*x + 3. Calculate b(d).
5
Let w(o) = -785118 - 785122 - 3*o + 1570231. Let q(j) = j**2 - 7*j + 3. Let c be q(5). Calculate w(c).
12
Let z(s) = 6*s**2 - 8*s + 3. Suppose 4*d = 5*h - 8, d - 169 = -3*h - 154. Calculate z(d).
33
Let g(b) = 94*b - b**3 - 48 - 84*b + 44 + 11*b**2. What is g(12)?
-28
Let a(o) = o**2 + o + 15. Let p be (26/6*1)/((-4)/(-36)). Let w(m) = 2*m**3 - 77*m**2 - 40*m + 39. Let x be w(p). Determine a(x).
15
Suppose i + 0*r + 3*r = 5, 2*i - 4*r = 0. Let h(j) = 3*j**2 + 1 - 2*j**2 - 1 + 0*j**i. Determine h(4).
16
Let w(j) = 88*j**2 + 28*j + 13. Let o(i) = -63*i**2 - 19*i - 9. Let s(u) = -7*o(u) - 5*w(u). Calculate s(8).
6
Let r(c) be the third derivative of -c**6/120 - c**5/20 + 7*c**4/24 + 2*c**3 - 4189*c**2. Calculate r(-5).
27
Let k(n) = 55*n + 83. Let h(g) = 56*g + 89. Let w(l) = -4*h(l) + 5*k(l). Give w(-1).
8
Let q(g) be the first derivative of -14*g**2 + 141*g + 151. Let o be q(5). Let a(d) = 2*d**3 + 2*d - 1. What is a(o)?
3
Suppose 5*i + 10 = -11*j + 15*j, 8*i + 4*j = 36. Let a(z) = 27*z**2 + z - 2. Determine a(i).
108
Let j(c) = c**3 - 6*c**2 - 27*c + 189. Let i be j(6). Let r(t) = -5*t + 140. What is r(i)?
5
Suppose 11 = 7*b - 31. Suppose 0 = -b*s + s - 3*g + 130, -5*s + 4*g + 130 = 0. Let k(l) = 15*l**2 + 10*l**2 - s*l**2 + 14 - 9*l. Calculate k(-10).
4
Let k(n) = 28*n - 53. Let i(v) = 38*v - 60. Let w(a) = 4*i(a) - 5*k(a). Determine w(-2).
1
Let c(o) be the first derivative of o**3/3 - 13*o**2/2 + 18*o - 2149. Calculate c(8).
-22
Let p(f) = -f**2 + 4*f - 5. Let o be p(4). Let v(g) = 231106 - 231106 + g**2. Let z(s) = -4*s**2 - 6*s - 10. Let q(y) = o*v(y) - z(y). Determine q(8).
-6
Let k(x) = -x**3 - 6*x**2 + 8*x + 8. Let l(g) = -16*g - 135. Suppose 20*q + 3*p + 2 = 19*q, 42 = -5*q + p. Let u be l(q). What is k(u)?
1
Let p = 4841/22 - 2415/11. Let h(b) be the second der